se 9*m - 276 = 183. Let q = -47 + m. Suppose q*z - 24 = -4*f + 4, -2*f = -2. What is the units digit of z?
6
Suppose 5*g - 139425 = -5*r, 76*r + 3*g + 111575 = 80*r. What is the tens digit of r?
9
Suppose -9*u = -16 - 20. Let x be (43/u)/((-3)/(-24)). Let k = 144 - x. What is the units digit of k?
8
Let y(a) = 359*a**3 + 5*a**2 - 28*a - 2. What is the units digit of y(3)?
2
Let l = 12018 + -4327. What is the tens digit of l?
9
What is the thousands digit of 42*(-764920)/(-1280) + (-1)/(-16)?
5
Let m(b) be the third derivative of -13*b**4/4 + 59*b**3/6 - 2*b**2 - 4*b. What is the units digit of m(-8)?
3
What is the units digit of (1071/6 - 0)*(3 + 1 + 54)?
3
Suppose -12 = 4*b, -3*b + 4*b = -4*s + 1693. Suppose -6 = u - s. What is the units digit of u?
8
Let g(y) = 2*y**2 + 34*y + 3. Let w be g(-17). What is the units digit of -1*w/6 + (-24186)/(-12)?
5
Suppose -5*i = -2577*z + 2574*z + 67968, 3*i + 90646 = 4*z. What is the ten thousands digit of z?
2
What is the hundreds digit of (24/10)/((-135596)/(-406680) + 2/(-6))?
1
Suppose 811787 = 39*w - 2893 + 25320. What is the hundreds digit of w?
2
Let u be (-23924)/46 + 112/1288. Let n = u + 936. What is the units digit of n?
6
Suppose 55*f - 195676 - 281300 - 371179 = 0. What is the units digit of f?
1
Suppose 3 = -h - 9. Let l be 70/21*h/(-10). Suppose -4*t - l*v = -680, -5*v + 101 = 4*t - 579. What is the units digit of t?
0
Let r be 111/21 - (-10)/14. What is the units digit of (234/(-4))/(-1 + 5/r)?
1
What is the units digit of (-45)/(-75) - 177696/(-40)?
3
Let s be (-18)/(-63) + ((-204)/(-21) - -1). What is the tens digit of -8*807/(-66) + 2/s?
9
Let w(h) = 43*h**2 + h - 8. Let f = -65 - -68. Let i be w(f). Suppose 5*p = 3*q - 46 - 191, -5*q = -4*p - i. What is the tens digit of q?
7
Let n(k) = 146*k + 3075. What is the tens digit of n(23)?
3
Suppose 2*a - 11830 = -3*q, 52*q - 3*a = 48*q + 15779. What is the thousands digit of q?
3
Let s = -64 + 654. Suppose -2*k - h + s = 0, -3*h + 6*h + 12 = 0. What is the tens digit of k?
9
Suppose -d - 2*d - 2*q + 24200 = 0, 5*d + 5*q - 40325 = 0. Suppose -20*n = -14*n - d. What is the hundreds digit of n?
3
Let n = 41 - 41. Suppose n = 2*s - 8, 3*z - 14 = 3*s + s. Suppose 15*m = -z + 625. What is the tens digit of m?
4
What is the hundreds digit of (47190/(-8))/((-60)/320)?
4
Let h(a) = 29*a - 371. Let n be 10/35 - (1065/(-21) - 2). What is the units digit of h(n)?
6
What is the tens digit of 75/(-50) + (-2)/((-8)/38942)?
3
Let z be (4 + (-1040)/(-15))*6/(-1). Let d = z + 243. Let p = -97 - d. What is the hundreds digit of p?
1
Let y be (425/30)/17*6. Suppose -1260 = -y*c + 980. What is the tens digit of c?
4
Let f = 2003 + -1143. What is the tens digit of f?
6
Suppose 18*p - 13*p - 5780 = -5*a, 2*p = -5*a + 5795. What is the units digit of (-1)/(4/(-4))*(6 + a)?
7
Suppose 5*d = -2*z + 4076 + 23913, -2*z = -5*d - 28019. What is the hundreds digit of z?
0
Let a(f) = -51*f**2 + 62*f**2 - 3*f - 2 - 10 - 2*f. What is the hundreds digit of a(-5)?
2
Let x(q) = 329*q**2 + 19*q + 18. Suppose -16*n + 21 - 37 = 0. What is the hundreds digit of x(n)?
3
What is the units digit of 4/(-5) + (-58)/(-10) + (33090 - 1)?
4
Let w(z) = 21*z**3 + z**2 + 31*z + 25. What is the thousands digit of w(7)?
7
Let b = 17442 + -9746. What is the thousands digit of b?
7
Let j(l) = -655*l - 507. What is the tens digit of j(-21)?
4
Let o(k) be the third derivative of -4*k**4/3 + 4*k**3/3 + 16*k**2 - 2. Suppose 25 = -5*g + a, 2*g - 3*g + 1 = a. What is the hundreds digit of o(g)?
1
What is the units digit of (-85)/34 + (-2056477)/(-58)?
4
Suppose 12*g + 2760 = 6*g. Let u = -184 - g. What is the tens digit of u?
7
Let w be 38/3 - 94/141. Suppose m - w*m + 6182 = 0. What is the tens digit of m?
6
Let b(l) = 2*l**2 + 7*l - 9. Let j be b(-5). Let z(i) = -8*i + 14. Let k be z(j). Let f = k + 49. What is the units digit of f?
5
What is the thousands digit of 24/((-33)/(-11)) - -4278?
4
Let g = 1350 + -685. Suppose 3*t + 0*t - 661 = 2*u, 3*t - 4*u - g = 0. What is the tens digit of t?
1
Suppose -4*f = -5*z + 6727 + 26733, 2*f = 10. What is the thousands digit of z?
6
Let x(c) = c**2 + 18*c - 78. Suppose 5*w = -28 + 98. What is the hundreds digit of x(w)?
3
Let y = -133 + 131. Let x = 36 - y. What is the tens digit of x?
3
Let a(u) = -u**3 - 37*u**2 + 109*u + 839. What is the thousands digit of a(-48)?
0
Let n = -30119 - -42428. What is the ten thousands digit of n?
1
Suppose 3*x = 4*y - x - 125224, 0 = 3*y + x - 93910. Suppose -102*c - y = -130*c. What is the units digit of c?
8
Let t(i) be the third derivative of 2*i**4/3 - 3*i**3 - 13*i**2. Let f be t(3). Suppose -22 - f = -k + 3*v, 5*k - 320 = -5*v. What is the tens digit of k?
6
Let h(b) = -b**2 + 40*b + 76. Let g be h(42). What is the tens digit of (g - 374/(-33))/((-1)/(-231))?
7
Let d = 45839 + -10745. What is the units digit of d?
4
What is the tens digit of 1/(-5) + 6374473/315 - (-30)/(-135)?
3
Let t = 69605 - 31274. What is the thousands digit of t?
8
Let w(j) = 4*j**2 - 15*j + 2440. What is the thousands digit of w(53)?
2
Let u = 154 - 14. Let n = u - 217. Let a = -35 - n. What is the units digit of a?
2
Suppose 2*p + 441 - 577 = 0. Suppose -5*g + 1132 + p = 4*z, -3*g - 283 = -z. What is the units digit of z?
5
Let a(n) = 19*n**2 + 5. Let l be a(-5). Let r = 729 - l. What is the hundreds digit of r?
2
Let s(u) = -4*u - 32. Let l be s(-8). Suppose 2*z = t + 12, l*t = -t - 4. What is the units digit of 121 - 0 - (z + -5)?
2
Suppose -6*m + 22*m - 32 = 0. Suppose 2*l - 2*y = 294, 0*l + 5*l - 742 = -m*y. What is the tens digit of l?
4
Let m be 18/(-135) - (-19532)/15. Let u = m + -66. What is the units digit of u?
6
Let g be 1 + 3 - (-2 + 1 + 0). Suppose -10 = -g*b, 5*o - b = 307 + 376. What is the units digit of o?
7
Let l(f) = 13*f**3 + 7*f**2 + 2*f + 19. Let k be l(7). Suppose 4*t - k = -t. Suppose 4*i - r - t = 0, 2*r + 388 = 4*i - 574. What is the tens digit of i?
4
What is the hundreds digit of ((-3)/(-12))/((-68)/(-1661104))?
1
Suppose -18*h - 1122 = -12*h. Let o = -61 - h. Let j = o + -50. What is the units digit of j?
6
What is the hundreds digit of (-13484*(-1)/8)/(10/20)?
3
Let n(q) = q - 9. Suppose 0 = -4*w + w + 12. Let y be n(w). What is the hundreds digit of y*(-1)/(5/134)?
1
Let v(g) = 2*g**2 - 9*g + 4. Let u be v(4). Suppose z = -q + 84 + 51, u = -5*q. What is the tens digit of z?
3
What is the thousands digit of (-6)/(-33) - (-397906)/44 - 30/20?
9
Let g(o) = -o**2 + 26*o + 90. Let x be g(29). What is the units digit of (-84)/(-4)*(-1)/x*-55?
5
Let l be (-10)/3 + 7*18/(-189). What is the hundreds digit of (-4)/(-22) - l/(-44)*-8699?
7
Let a(o) = -o**2 + 11 + 22*o + 3*o**2 + 2*o**2. What is the units digit of a(-12)?
3
Let b = 335 + 1001. Let g = b + -721. What is the tens digit of g?
1
Let r(d) = -21*d**3 - 84*d**2 + 9*d - 3. What is the hundreds digit of r(-7)?
0
Suppose -2*l - 4*q + 306 = 0, 0*l = 2*l + q - 318. Let u = l + -87. What is the tens digit of u?
7
Let o(p) = 8*p + 50. Let t be o(-6). Suppose -y + 3*x + 2*x = -328, -3*x = -t*y + 691. What is the tens digit of y?
5
Suppose 0 = -2*u - 3*b + 15249, -4*u = -14*b + 12*b - 30538. What is the hundreds digit of u?
6
Suppose 9*n = 5*n + 200. Suppose -3*v - n = -5*h - 0*h, 5*v - 20 = -2*h. Let g(z) = z**3 - 11*z**2 + 16*z. What is the tens digit of g(h)?
6
Suppose 3*o = -4642 + 1411. What is the tens digit of o/(-3) + (-3 - 4/(-2))?
5
Let j be (-1 + 426/12)*18. Suppose -4*n = 3*l - 6*l + j, -l - n = -200. What is the hundreds digit of l?
2
What is the tens digit of (18494 + 6 + -1 - 6) + -5?
8
Suppose 0 = -11*j - 221 - 21. Let k be 6/10 + (j/(-5) - 4). What is the tens digit of (-269)/(-2)*(k + 6/6)?
6
Let q(h) be the first derivative of 25*h**3 + 9*h**2 - 65*h - 129. What is the tens digit of q(4)?
0
Let z = 149 - 154. What is the units digit of z + (-5)/5 + 541?
5
Let l be (-100)/(-24) - (-1)/(-6). Suppose l*m = -0*m - 1076. Let o = -130 - m. What is the hundreds digit of o?
1
Suppose -29024 = 35*v - 37*v - 4*h, 0 = 2*v + 3*h - 29028. What is the ten thousands digit of v?
1
Suppose -401*i + 73060 = 5*r - 396*i, -3*i + 29220 = 2*r. What is the hundreds digit of r?
6
Let k(l) = 2*l**2 + 56*l + 111. Let a(m) = 2*m**3 + 24*m**2 + 43*m - 2. Let u be a(-10). What is 